n 17717 is divided by 634.
599
What is the remainder when 81012 is divided by 33?
30
Calculate the remainder when 407886 is divided by 7.
3
What is the remainder when 32714 is divided by 187?
176
Calculate the remainder when 157100 is divided by 12084.
8
Calculate the remainder when 78369 is divided by 209.
203
Calculate the remainder when 47155 is divided by 15694.
73
What is the remainder when 43705 is divided by 310?
305
What is the remainder when 42031 is divided by 339?
334
Calculate the remainder when 2772 is divided by 908.
48
Calculate the remainder when 21700 is divided by 6711.
1567
What is the remainder when 68363 is divided by 68354?
9
What is the remainder when 2693 is divided by 298?
11
What is the remainder when 13328 is divided by 2121?
602
What is the remainder when 87069 is divided by 29014?
27
What is the remainder when 137576 is divided by 363?
362
Calculate the remainder when 4901 is divided by 840.
701
What is the remainder when 257286 is divided by 126?
120
What is the remainder when 643906 is divided by 57?
34
What is the remainder when 517 is divided by 358?
159
What is the remainder when 326265 is divided by 163130?
5
Calculate the remainder when 12534 is divided by 1818.
1626
Calculate the remainder when 102045 is divided by 163.
7
Calculate the remainder when 7649 is divided by 170.
169
What is the remainder when 172940 is divided by 188?
168
What is the remainder when 153558 is divided by 55?
53
Calculate the remainder when 197286 is divided by 234.
24
Calculate the remainder when 1249 is divided by 480.
289
What is the remainder when 11161 is divided by 2037?
976
Calculate the remainder when 27815 is divided by 10.
5
What is the remainder when 1566 is divided by 49?
47
What is the remainder when 10341 is divided by 145?
46
What is the remainder when 20775 is divided by 20752?
23
What is the remainder when 48081 is divided by 58?
57
What is the remainder when 13760 is divided by 732?
584
What is the remainder when 1839 is divided by 183?
9
What is the remainder when 160135 is divided by 20?
15
What is the remainder when 4549 is divided by 2265?
19
What is the remainder when 106632 is divided by 67?
35
Calculate the remainder when 810 is divided by 133.
12
What is the remainder when 61121 is divided by 21?
11
Calculate the remainder when 43019 is divided by 915.
14
What is the remainder when 4557 is divided by 252?
21
Calculate the remainder when 4106 is divided by 15.
11
What is the remainder when 11981 is divided by 84?
53
Calculate the remainder when 2551 is divided by 2546.
5
Calculate the remainder when 3141 is divided by 920.
381
Calculate the remainder when 10795 is divided by 431.
20
Calculate the remainder when 10540 is divided by 1355.
1055
Calculate the remainder when 190438 is divided by 26.
14
What is the remainder when 20879 is divided by 37?
11
Calculate the remainder when 296377 is divided by 929.
26
What is the remainder when 1525 is divided by 188?
21
Calculate the remainder when 850 is divided by 826.
24
What is the remainder when 528527 is divided by 624?
623
Calculate the remainder when 790165 is divided by 32.
21
What is the remainder when 99709 is divided by 10?
9
What is the remainder when 166207 is divided by 83100?
7
Calculate the remainder when 20789 is divided by 126.
125
Calculate the remainder when 155324 is divided by 109.
108
Calculate the remainder when 15662 is divided by 1747.
1686
Calculate the remainder when 31637 is divided by 7904.
21
Calculate the remainder when 37688 is divided by 87.
17
Calculate the remainder when 1236 is divided by 162.
102
Calculate the remainder when 7924 is divided by 27.
13
What is the remainder when 190572 is divided by 525?
522
Calculate the remainder when 204127 is divided by 68036.
19
What is the remainder when 3568 is divided by 185?
53
What is the remainder when 10256 is divided by 57?
53
Calculate the remainder when 102511 is divided by 247.
6
What is the remainder when 16827 is divided by 45?
42
What is the remainder when 6850 is divided by 1139?
16
What is the remainder when 7380 is divided by 2786?
1808
What is the remainder when 3571 is divided by 1742?
87
What is the remainder when 2013 is divided by 427?
305
Calculate the remainder when 423 is divided by 119.
66
Calculate the remainder when 74191 is divided by 14800.
191
What is the remainder when 5905 is divided by 1106?
375
Calculate the remainder when 5256 is divided by 44.
20
Calculate the remainder when 15445534 is divided by 502.
500
Calculate the remainder when 165152 is divided by 3670.
2
Calculate the remainder when 1144177 is divided by 286043.
5
Calculate the remainder when 41986 is divided by 65.
61
What is the remainder when 5637 is divided by 297?
291
What is the remainder when 6006 is divided by 978?
138
Calculate the remainder when 22490 is divided by 1124.
10
Calculate the remainder when 723 is divided by 674.
49
Calculate the remainder when 994 is divided by 193.
29
What is the remainder when 12477 is divided by 1379?
66
What is the remainder when 365222 is divided by 87?
83
What is the remainder when 1542 is divided by 224?
198
Calculate the remainder when 58136 is divided by 180.
176
What is the remainder when 198712 is divided by 40?
32
Calculate the remainder when 374887 is divided by 14.
9
Calculate the remainder when 21918 is divided by 121.
17
What is the remainder when 7139 is divided by 505?
69
What is the remainder when 37 is divided by 24?
13
What is the remainder when 265581 is divided by 482?
481
Calculate the remainder when 5530 is divided by 780.
70
Calculate the remainder when 32094 is divided by 32065.
29
Calculate the remainder when 157845 is divided by 350.
345
Calculate the remainder when 37345 is divided by 169.
165
What is the remainder when 5501 is divided by 53?
42
What is the remainder when 6406 is divided by 3164?
78
What is the remainder when 7434 is divided by 120?
114
Calculate the remainder when 128091 is divided by 10672.
27
Calculate the remainder when 310459 is divided by 1252.
1215
Calculate the remainder when 23701 is divided by 7653.
742
What is the remainder when 2801316 is divided by 118?
114
Calculate the remainder when 2952 is divided by 856.
384
Calculate the remainder when 15569 is divided by 5172.
53
What is the remainder when 9527 is divided by 58?
15
What is the remainder when 296 is divided by 13?
10
Calculate the remainder when 8298 is divided by 151.
144
What is the remainder when 192880 is divided by 97?
44
Calculate the remainder when 25918 is divided by 6.
4
What is the remainder when 1585 is divided by 176?
1
Calculate the remainder when 4292 is divided by 12.
8
Calculate the remainder when 2134509 is divided by 243.
240
Calculate the remainder when 1848669 is divided by 1115.
1114
Calculate the remainder when 294164 is divided by 10.
4
What is the remainder when 9352 is divided by 4669?
14
What is the remainder when 84245 is divided by 405?
5
What is the remainder when 17282 is divided by 525?
482
Calculate the remainder when 2028 is divided by 503.
16
What is the remainder when 15802 is divided by 108?
34
Calculate the remainder when 891196 is divided by 21.
19
Calculate the remainder when 113673 is divided by 6.
3
What is the remainder when 2158483 is divided by 105?
103
Calculate the remainder when 432733 is divided by 104.
93
Calculate the remainder when 4555 is divided by 434.
215
Calculate the remainder when 1210 is divided by 53.
44
What is the remainder when 8315 is divided by 2743?
86
Calculate the remainder when 18775 is divided by 348.
331
What is the remainder when 66873 is divided by 11144?
9
Calculate the remainder when 1336 is divided by 191.
190
What is the remainder when 18426 is divided by 3683?
11
Calculate the remainder when 75572 is divided by 300.
272
Calculate the remainder when 18591 is divided by 7.
6
Calculate the remainder when 4372 is divided by 233.
178
What is the remainder when 294567 is divided by 102?
93
What is the remainder when 434234 is divided by 22?
20
What is the remainder when 50511 is divided by 481?
6
Calculate the remainder when 11413 is divided by 2774.
317
What is the remainder when 1303836 is divided by 434609?
9
What is the remainder when 19158 is divided by 337?
286
